 is the value of -5 - ((121 - -1) + -130 + 0 + -68)?
71
What is -46 + 19 + (21 - 24) + -12?
-42
Evaluate (-62 - (-16 + -63)) + 31.
48
What is -17 - (-24 - (8 + 1))?
16
Evaluate (83 - ((-42 - -67) + -21)) + 1 + 2.
82
What is the value of 617 + -599 - (-1 + (39 - -2))?
-22
What is the value of (-6 - 1) + (1 + -4 - -2) + 32?
24
What is -8 + 0 + (4 - -72) + -108?
-40
Evaluate -7 + -1 + (210 - 191) + -113 + (-7 - -14).
-95
What is the value of (0 - (-11 - -1)) + -107 + 245 + -99?
49
What is the value of -21 + 12 + -37 + (-6 - 2) + -4 + 3?
-55
Calculate (-33 - 5) + 285 + -264.
-17
Evaluate -18 - (3 - 21 - (110 + -119)).
-9
Calculate 2138 + -2305 + (93 - 2).
-76
0 - -2 - (69 + -57 + (-18 - -4))
4
What is 102 + -2 + (-22 + (-2 - (-18 - -1)) - 0)?
93
Evaluate (0 - 13 - (-150 - -125) - 2) + (-1 - 11).
-2
(-16 - (-10 - 0 - (-4 + 7 - 4))) + 9
2
Evaluate 290 + -271 - (6 - (-134 + 4 - -8)).
-109
32 - (14 - 6) - (546 + -494)
-28
What is the value of -35 + -38 + -23 + 9 + 64?
-23
Evaluate (-7 - -127) + (347 - 396).
71
Evaluate -78 - (6 - (-17 - -46 - 8)).
-63
Evaluate (9 - 0 - (147 + -4) - -10) + 19.
-105
What is the value of -61 + 7 - -8 - (93 + -82)?
-57
What is the value of 1 + 4 - (-75 + 117) - (29 + -19)?
-47
6 + -9 - (-11 + 18 - 2) - -11
3
Evaluate 4 + -3 + (5 - 1) + -4 + (58 - -31).
90
What is the value of 83 + 0 + 8 + -12 + (-6 - -6) + -12?
67
Calculate (-3 + -1 - -28) + (624 - 643).
5
Calculate -14 - (-14 + (-14 - -19) + 3 - 51).
43
Evaluate (-55 - -4) + 0 + (15 + -3 - (-5 - -7)).
-41
-16 - (-13 - -15) - (2 - (3 - 8 - -6))
-19
(-2 + 4 - -1) + 5 - (-87 - (19 + -12))
102
What is -190 - (-65 - (-102 - -138))?
-89
What is -12 + ((-3 - 3) + -4 - (97 + -108))?
-11
-10 + 71 + 0 + (100 - 119)
42
What is 81 + -83 + -6 + 109?
101
What is the value of -90 + (-43 - -84) + -25?
-74
What is the value of (-5 - (11 + 6)) + -23?
-45
What is (-276 - -290) + (-7 - -4 - (-93 - (5 + -9)))?
100
Calculate 3 + 0 + -16 + -1 + (34 - 37).
-17
1 - -4 - (9 + (-15 - 2) + 10)
3
Evaluate -15 + (2 - -39) - 11.
15
Calculate (398 - 401) + (-8 + 6 - (-6 + 4 - 2)).
-1
Calculate -39 + -1 + (-56 - -61) - (-38 - -31).
-28
Calculate -76 - (-279 - -34 - -146).
23
What is 65 - 0 - ((-12 - ((48 - 24) + -59)) + -10)?
52
Calculate -45 + -3 - (1443 - 1453).
-38
What is the value of -18 + 2 + -1 - (4 + (25 - 52 - -15))?
-9
Calculate 62 + -27 + 121 + -100.
56
What is the value of 72 + -84 + (-24 - -11)?
-25
Evaluate (17 - -4) + (63 - 66) + 5.
23
What is (-3 - 0) + 3 - (-392 + 372 + (-1 - -17))?
4
(27 - (-42 - -34)) + -27 + -9
-1
Evaluate -1075 + 1048 - (-16 + -3).
-8
Calculate 3 + (-41 - (44 - 61) - (0 - 12)).
-9
What is the value of (-3 - (-14 + (23 - 20))) + -22 + -1 + 0?
-15
Calculate (87 - 59) + (7 - 12) + (-124 - -5).
-96
What is the value of (63 - (28 + 42)) + 72 + (2 - 1)?
66
Calculate 42 - (-8 + 7 - -53).
-10
Calculate -31 + (-2 - 0) - ((13 - 0) + -280 + 257).
-23
What is the value of 0 + -3 - ((-8 - -3) + -4 + 2) - -38?
42
(-5 - 10) + (14 - 11) + -18
-30
0 + 134 + -3297 + 3226
63
What is the value of -1 - (-4 + -3 + 13 - -2) - (11 - 9)?
-11
Evaluate (17 - (29 - -4)) + 19 - 6.
-3
(-35 - -1) + -27 + (-13 - -47) + 6
-21
Calculate -3 + (71 + -68 - 7 - (1 - 93)).
85
What is -58 + 1 + -14 + 40 + -17?
-48
Evaluate -48 + -6 + 28 - (58 - 230).
146
What is 1 + 40 - 91 - -12?
-38
What is 32 - (2 + (-6 - (-8 + -6))) - -1 - -9?
32
What is the value of -23 - 1 - (365 + -417)?
28
What is the value of (-22 + -1 - (-5 + -1)) + 737 + -646?
74
-9 + (-21 - (-19 + (17 - 28)))
0
-14 + (85 + -52 - 7)
12
Calculate -18 - (-84 + 98 - (-2 + 147)).
113
What is the value of 1 - -1 - 1 - (-120 - (-43 - 148))?
-70
Evaluate 4 + (-13 + -5 - (-10 + (-19 - 78))).
93
-4 + -3 - ((62 - -135) + -88)
-116
What is -11 - (29 - -2 - (-6 - (-11 + 9)) - 7)?
-39
Evaluate -183 - -167 - (-8 - (25 + (1 - 10))).
8
What is the value of -7 + (5 - (-7 - (-12 - 4))) - 42?
-53
What is -12 + -107 + (-13 + 9 - (6 + -15))?
-114
What is the value of -105 + (90 - 23) + -6?
-44
Calculate (0 + -116 - (17 - (3 - 0 - -6))) + -1.
-125
What is the value of 74 - (15 - 22 - -13 - 15 - (-12 - -3))?
74
Calculate 487 - 545 - (-26 - -3).
-35
Calculate 51 + (-6 - -2) + -6 + (-26 - -45).
60
Calculate (12 + 7 - (29 + 11)) + 21.
0
Evaluate -2 + -18 - ((44 - -9) + -37).
-36
Evaluate -11 - (11 - (23 - -7)) - -3 - (-6 + 69).
-52
-22 - (-7 - -5) - (-30 + 4)
6
What is -34 - 31 - (-2 - 18)?
-45
Evaluate (-64 - -90) + -204 + 95.
-83
141 + ((-9 - -2) + -17 + 15 + 3 - 4)
131
-3 + 151 + -3 + (7 - (21 - (-5 - -19)))
145
What is the value of -756 + 764 + 54 + 0 + -21?
41
What is -13 + -19 + (-10 - (-7 - 9)) + -12 + 1?
-37
What is -13 + (-9 - -9) + -10 + 14?
-9
Calculate 65 + -139 + (78 - 48).
-44
Calculate 18 - (3 + 12) - (7 - -2 - -3).
-9
What is the value of 3 - -72 - 82 - (0 + -11) - 54?
-50
Evaluate 20 - ((23 - (33 - -23) - -21) + 139).
-107
What is 39 + (9 - (-10 - (-54 - -11)))?
15
What is the value of -12 - (11 - (-26 - -34) - (-4 + 22))?
3
-23 + 96 + -84 + 20
9
Evaluate 1 + -88 - (-1997 + 1946).
-36
What is (-10 + 30 - 7) + -15 + 3 + 0?
1
What is the value of -13 - (-43 + 2 + (-85 - -69))?
44
Calculate -48 - (3 + -2 + -10 + -14 + 23 + -3).
-45
What is the value of 3538 + -3554 - (3 - -68)?
-87
Evaluate (4 - -8) + ((26 - 18) + -9 - -6 - 23).
-6
What is (30 - 4) + (-9 - -18) + (14 - 28)?
21
Calculate -164 + 124 - (-67 + -27).
54
Evaluate -47 - (13 + (-9 - (0 - -9)) - -15).
-57
What is the value of -18 + 0 + -9 + -84 + 86 + -15?
-40
76 - (106 - (166 - 116))
20
-20 + -2 + 80 + 0 + -4 + (-113 - -109)
50
Calculate 838 + -849 + (1 - 11) - 13.
-34
Calculate -33 - ((27 - 34) + -50).
24
-4 + 96 + -83 + 28
37
What is (66 - 45) + -47 - (1 + -4 + -1)?
-22
What is the value of (-31 + 9 - 16) + 34?
-4
Evaluate 157 - ((24 - 63) + (54 - -22)).
120
Calculate -1 - -6 - (181 + -195 + (4 - 1) + 7).
9
What is -7 - -36 - 13 - (-8 + -11)?
35
Evaluate -2 + -50 + -1254 + 1235.
-71
Calculate (8 - (91 + -38)) + 44.
-1
What is the value of (-4 - -92) + 17 - 212?
-107
Calculate (-17 + 58 - -18) + -36.
23
-19 + (43 - (-16 - -25))
15
What is the value of (-12 + -1 + 16 + -16 - -43) + -15?
15
What is (-5 + 75 + -30 - -13) + (-1 - -13)?
65
7 + -7 - 11 - (3 + -41 - -24)
3
Evaluate (13 - (3 - (-5 + 9))) + (-8 - -18).
24
Calculate 78 + -197 + 18 - -100.
-1
What is the value of (2 - -2 - 46) + (31 - (3 + 20))?
-34
Evaluate -9 - 2 - (-8 - ((15 - 8) + 1)).
5
What is the value of -49 + 48 + (-49 - 12)?
-62
What is the value of -199 + 229 - (31 + 6)?
-7
-27 + (0 - (13 - -1)) + (-78 - -40 - -48)
-31
What is -129 + (-65 + 57 - -11) + 5 + 0?
-121
What is 28 + (-126 - (-43 - 26))?
-29
-5 + 8 + -9 + -8 + 4 + -10
-20
What is the value of (73 + -28 - 30) + (4 - 4)?
15
What is the value of 1 - 115 - (-43 + 21 - (-38 - -18))?
-112
(56 - (2 + 0)) + -2 + 15 + -434 + 413
46
What is the value of 11 + -3 + 3 + (17 - 30) + -19?
-21
Evaluate -5 + 8 + -20 + 9 + (-4 - 58) + -9.
-79
-134 - (-162 - -129) - -199
98
What is the value of (16 + 10 - 14) + 0 + -3 - 37?
-28
Evaluate 53 - (3 + 7) - ((2 - (-5 - -8)) + 0).
44
What is the value of 19 + 18 + 49 + 3 + -11?
78
Calculate -1 - (5 - (9 - (17 + -10 + -2)) - 13).
11
What is the value of 127 + (1 - (0 + 0)) + -5177 + 5188 + -14?
125
(12 - 25) + (-48 - (8 + -11 - 2))
-56
What is -25 + (26 - 6 - (5 + 0 - 1))?
-9
18 + (5 - 19) + 0 + 21
25
What is the value of ((31 - 16) + -7 - 11) + -14?
-17
6 + (68 - 28 - 40 - (72 + -1))
-65
What is the value of 57 - (-3 - ((-6 - -11) + -6) - -19)?
40
(19 - 4) + (-5 - (-3 + 6) - (19 + -20))
8
Calculate -24 + 1 + -25 + 4 + 44.
0
0 + (4 - -2) + (7 - 34 - 1)
-22
Calculate -621 + 629 + (-135 - -12 - 7).
-122
(-5 - 3) + (-5 + 10 - 6) + 41 + 2
34
Evaluate 3 + 68 + 30 + -44.
57
1 - 1 - -1 - 111 - (-813 + 185 - -635)
-117
19 - -4 - (-1 - (19 - 16 - 3))
24
What is 6 - (-2 - -9 - 11 - -7) - (8 - -56)?
-61
What is the value of 4 - (27 + (-15 - (-14 + 10 + -11)) + -4)?
-19
What is the value of 143 + -535 - -347 - (-3 + 8 + (-3 - -1))?
-48
What is the value of (-18 - -47) + 3 + -29 + (0 - (3 + 60))?
-60
What is (-3 - -1 - 2) + 12 + (14 - (46 + -22))?
-2
Evaluate (1 - -10) + (-5 + 8 + -1 + -2 - 1).
10
What is the value of 15 - (-26 + -11 + (-25 - -13) + 14)?
50
1 - (1 + (2 - 5 - -7)) - (122 - 141)
15
What is the value of 20 + -21 + -16 + -39 + 11?
-45
26 + -